*m + 374. Is d(-24) composite?
True
Is (3034/4)/((-3)/(-6)) a composite number?
True
Suppose -4*k = -20, 0*u - 3*u - 4*k - 7 = 0. Let s be (6/4)/(u/5604). Is (s/(-6))/(3/9) composite?
False
Let t = 119 + -117. Suppose -1105 = -t*l + 1409. Is l a composite number?
True
Suppose 5*c = 4*w + 72, 0 = w - 2*w - c - 9. Let m = w - -18. Suppose 4*q = m*h - 224 - 189, 158 = 2*h - 4*q. Is h a prime number?
False
Let x be 2 - -10 - (-9 + 7). Suppose 2*a + x = -4*t, 4*a = t - 3*t + 2. Is 995/a + (-2)/3 composite?
False
Let k = 4 + -16. Is (1 - 143)/(k/102) a prime number?
False
Suppose 6*h - 51 = -5*y + 2*h, 5*y + h = 54. Suppose 0 = y*k - 12*k + 2819. Is k prime?
True
Let y(k) = 6635*k**3 + 6*k - 6. Is y(1) a composite number?
True
Let k = 3412 + -1803. Let y = k - 1130. Is y composite?
False
Suppose -14 = -7*r - 0. Suppose 0 = 2*k - 2*u - 7484 + 266, -r*k + u + 7222 = 0. Is k composite?
False
Let r be 3492/(-10) + 24/(-30). Let j = 617 - r. Is j a prime number?
True
Suppose 0 = 5*u - 2*u - 33. Suppose -1 + u = 5*z. Suppose 0 = z*y - 17 - 21. Is y composite?
False
Let w be ((-9)/(-18))/(1/26) + -3. Suppose 11*m = w*m + 1733. Is m a composite number?
False
Let l = 26 + -23. Let q(n) = 178*n + 7. Is q(l) a composite number?
False
Suppose 27 = -p - 2*p. Let w(v) = -v**3 - 9*v**2 - v - 6. Let d be w(p). Suppose -2*x + 423 = 2*n + d*x, 3*n = x + 592. Is n a composite number?
False
Suppose -2329 = -t + 4*n, -5*t - 5*n + 11047 = -598. Is t a composite number?
True
Suppose -4*w = -9*w - 5, 5*h - 4311 = -4*w. Is h a composite number?
False
Let t(h) = -h**2 - 6*h - 4. Let d be t(-4). Suppose 5*n + 1473 = -z + d*z, -3*n - 907 = 4*z. Let v = -136 - n. Is v composite?
True
Suppose -2*q - 8299 = 17903. Let x be ((-8)/12)/(2/q). Is (x/(-22))/(1/(-2)) a composite number?
False
Let t(h) = h**2 - 5*h + 3. Let o be t(3). Let x = 6 + o. Is (x + -1)/((-12)/(-1506)) a composite number?
False
Suppose -u + k = -9493, -3*k - 2*k - 37974 = -4*u. Is u composite?
False
Suppose 4*r - 5*r = k - 20770, 1 = -k. Is r prime?
True
Let x(j) = -j**3 + 17*j**2 - 22*j + 11. Suppose v = 3*d - 3*v - 80, 30 = 2*d + 2*v. Let z = -5 + d. Is x(z) composite?
False
Let l(o) = -38*o**3 + 3*o**2 + 11*o + 11. Is l(-5) a composite number?
True
Let n(s) = 5*s**3 + s**2 - s + 9. Let h(c) = c**3 + c**2 + c + 1. Let f(v) = -6*h(v) + n(v). Suppose -2*g - 10 = -0*t + 2*t, -4*t - 12 = 3*g. Is f(g) prime?
True
Is (-20)/(-12)*13074/10 prime?
True
Suppose 8*k = 6*k. Suppose 3*a - l + 1 = 0, -a - l - l = -2. Suppose -4*d + a*d + 1676 = k. Is d prime?
True
Let b be 6/10 - 7543/(-95). Let q be 40/6 - (-4)/(-6). Is (b/q - 3)*3 a prime number?
True
Let t = -867 + 1364. Let k = t - 10. Is k composite?
False
Suppose 7*l - 54273 = 34354. Is l a composite number?
True
Is (-142)/213*(-33 + 0) a prime number?
False
Suppose -y = 2*n - 731, -y + 257 = -5*n - 446. Let l = y + -344. Is l a composite number?
False
Suppose 1021 + 113 = 3*d. Let w = 676 - d. Is w a prime number?
False
Let a = 983 - -669. Let t = a - 1003. Is t a prime number?
False
Let o = 6346 - 744. Is o a prime number?
False
Let q = -86 - -80. Is ((-12)/6)/(q/1233) a composite number?
True
Suppose 0*i + 3*a = -i + 17888, -35779 = -2*i - 5*a. Is i a prime number?
False
Let w(p) = 15*p**2 + 8*p + 7. Let m be 4/(-4) + 0 + -4. Let y be w(m). Let a = y - 199. Is a composite?
True
Let m(o) = -20*o**2 + 3*o + 2. Let y be m(-1). Let x be ((-7)/y)/((-2)/(-18)). Suppose -5*p + 851 = -j + 212, -x*p + j = -385. Is p composite?
False
Let v(y) = 12*y**3 + 4*y**2 - 2*y + 3. Let j be v(3). Let z = 130 + j. Is z prime?
True
Let c(a) = -a**3 + 12*a**2 + 5. Let d be c(12). Suppose 5*p = n - 849, p + 1320 + 2877 = d*n. Is n a composite number?
False
Is -1 + (-4 - -14) + 6737 a prime number?
False
Suppose -240536 = -14*b - 71458. Is b a prime number?
False
Suppose -28*m - 40925 = -212089. Is m prime?
True
Let g(x) = 3*x + 4. Let f(r) = 2*r**2 - 2*r - 2. Let v be f(3). Let h be g(v). Let w = h - -1. Is w prime?
False
Suppose 4*k + 0*k - 1456 = 0. Suppose 4*g - 6*g = -k. Suppose 3*w = 5*f - g, -5*f + 3*f + 5*w = -69. Is f composite?
False
Let m = 541 - 1073. Let p = 1251 + m. Is p a composite number?
False
Let w(x) be the second derivative of -33*x**5/20 + x**4/6 + x**3/2 + 3*x**2/2 + 14*x. Is w(-2) a prime number?
True
Let q be (-2)/(-10) - (-12758)/10. Suppose 2*b - q = -3*k, -3*b = 5*k - 2242 + 330. Is b/12 - (-4)/(-6) a composite number?
False
Let j(f) = 52*f**3 + 13*f**2 - 6*f - 27. Is j(8) prime?
False
Is 11203 + (-19)/(114/36) a composite number?
False
Suppose 2*l + 6 = 0, -3*l = 2*n + n + 453. Let b = 89 - n. Suppose 3*u = -0*u + b. Is u a composite number?
False
Let j = 2057 + -1312. Is j a composite number?
True
Let r(j) = j**2 - 4*j + 5. Let c be r(3). Let q(l) = 70*l + 3. Is q(c) composite?
True
Suppose 0*h + 66 = h + 2*l, 0 = -4*l + 8. Suppose 16 = 3*s - h. Is s composite?
True
Let w = -1181 - -1964. Suppose 5*s - 2*d = 1686, -s + 0*d - 2*d = -330. Let p = w - s. Is p a prime number?
False
Let g(c) = c**3 + 6*c**2 - c - 3. Let y be g(-6). Suppose 1893 - 492 = y*t. Is t a composite number?
False
Suppose 0 = -10*a + 55667 + 168423. Is a composite?
False
Suppose d + 0*d = 10. Let s(n) be the first derivative of -n**4/4 + 10*n**3/3 + 3*n**2 - 7*n + 3. Is s(d) a prime number?
True
Let w be (-12)/(-32) + (-9)/24. Suppose -4*o + 2*f + 718 - 3098 = w, 0 = -o - f - 595. Let r = -152 - o. Is r prime?
True
Let a(f) = -f**3 + 5*f**2 - 2*f - 14. Let x be a(6). Let o = 155 + x. Suppose l - 402 + o = 0. Is l prime?
False
Let o = -1292 + 2607. Is o a composite number?
True
Suppose -4*k + 3*k - 8 = 0. Is (138/k)/((-48)/128) a prime number?
False
Suppose q + 23649 + 16035 = 2*u, -2*u - 5*q + 39672 = 0. Is u a prime number?
True
Let n(j) be the third derivative of 11*j**6/120 + j**5/20 - j**4/12 - j**3/6 + 4*j**2. Let u be n(2). Let b = -58 + u. Is b a composite number?
False
Suppose 19262 = w + 11*g - 12*g, g + 77051 = 4*w. Is w prime?
False
Let m = 17835 - 1958. Suppose 6082 = 7*f - m. Is f a prime number?
True
Let d(p) = -p**2 - 29*p + 19. Let v be d(-19). Let h = v - 130. Is h composite?
False
Suppose 4*s + 2*n - 59724 = -2*n, 0 = -8*s + 5*n + 119474. Is s a prime number?
False
Let k = -325 + 625. Suppose n - 6*n = -2*z + k, -2*z = -2*n - 294. Is z prime?
False
Suppose 0 = 5*n - z - 10, -7*n + 35 = -2*n + 4*z. Let c be 2 - n*(-346)/3. Is (-5 - -2) + 1 + c a composite number?
True
Let u be (90/(-27))/5 + (-494)/(-3). Let x(v) = -18*v - 1. Let w be x(2). Let r = w + u. Is r composite?
False
Is ((-3779)/(-1))/((-5)/(-35)) prime?
False
Suppose -j + 5*u = -3*j + 117, 2*u + 249 = 5*j. Let i = j - 14. Is i composite?
False
Is (-7882)/(-16) + (-12)/(-32) prime?
False
Suppose -3*m + 5 = -m + y, -4*m = 3*y - 15. Suppose 2*z + 3*p - 770 = 0, -4*z + 0*p + 1500 = -4*p. Suppose m = -0*s + s - z. Is s prime?
True
Let i = -121 + -874. Is i/(-3) - 30/45 a prime number?
True
Let y(k) = 224*k - 57. Is y(10) a prime number?
False
Suppose 4*w + 869 = 5*m, -2*m + 343 = 4*w - 27. Suppose 0 = -6*y + 9*y - m. Is y a prime number?
True
Let v(t) = -290*t**3 + t**2 - 32*t - 86. Is v(-3) composite?
True
Suppose 5*a - 81 = 2*a. Suppose 3*r + 2*h = 4, 0*r - r + 5*h = a. Let k(i) = 10*i**2 + 3*i + 1. Is k(r) a composite number?
True
Suppose 0 = -3*z - 19 + 4. Is 419*((-16)/4 - z) composite?
False
Let b be 4/(-6) + 24/9. Is 251*(-5)/(-10)*b a composite number?
False
Let a(k) = 18*k**2 + 12*k - 7. Is a(-16) prime?
True
Let v = -877 - -2638. Is v a prime number?
False
Let o(n) = -22*n**2 - 14*n + 30. Let c(z) = z**2 + z - 1. Let i(w) = -5*c(w) - o(w). Is i(6) composite?
False
Let u = 229 - 128. Let z = 5 - -7. Let y = z + u. Is y prime?
True
Suppose -633 - 621 = z. Let r = z + 1772. Let s = -307 + r. Is s a composite number?
False
Let b(z) = -z + 3. Let c be b(1). Suppose g - u = 23, 3*g + c*u - 7 = 52. Is g a prime number?
False
Suppose 5 = -0*s + 3*s + 2*k, -3*s + 2*k = -1. Let c(f) = 13*f - 142. Let j be c(10). Is (5 - s)*(-159)/j a composite number?
False
Let r(t) = t**2 + t - 24. Let x be r(-10). Suppose -4*g + 358 = -x. Is g a prime number?
False
Suppose 0 = -2*h + 5*a - 2173 - 6800, 0 = 3*h - a + 13427. Let v = -1383 - h. Is v prime?
False
Suppose -94732 = -3*r - 2*r - 3*a, 5*r - 2*a = 94737. Is r prime?
True